{"id":394,"date":"2016-12-29T11:23:01","date_gmt":"2016-12-29T10:23:01","guid":{"rendered":"https:\/\/dolinawiedzy.pl\/projekty\/?page_id=394"},"modified":"2016-12-29T11:24:28","modified_gmt":"2016-12-29T10:24:28","slug":"sciezki-kopernika","status":"publish","type":"page","link":"https:\/\/dolinawiedzy.pl\/projekty\/realizacje\/sciezki-kopernika\/","title":{"rendered":"\u015acie\u017cki Kopernika"},"content":{"rendered":"<p>Konkurs Kwalifikacyjny wygra\u0142a klasa z <a href=\"http:\/\/2lo-debica.ppe.edu.pl\/\">II Liceum Og\u00f3lnokszta\u0142c\u0105cego im. ks. Jana Twardowskiego w D\u0119bicy<\/a>, kt\u00f3ra zrealizowa\u0142a projekt pt. &#8222;Badania warunk\u00f3w termicznych do lot\u00f3w szybowcowych na terenie Bieszczad\u00f3w&#8221; w ramach przedsi\u0119wzi\u0119cia \u201e\u015acie\u017cki Kopernika\u201d.<\/p>\n<p><strong>Zwyci\u0119ska klasa:<\/strong><\/p>\n<p>Klasa IIa (matematyczno-fizyczna) z II LO w D\u0119bicy ma du\u017cy potencja\u0142 matematyczny. Liczy 28 os\u00f3b, z kt\u00f3rych ka\u017cda ma inne priorytety i ambicje.<\/p>\n<p>Ulubione lekcje m\u0142odzie\u017cy to przerwy, na kt\u00f3rych mo\u017cna rozwija\u0107 swoje zainteresowania. Ch\u0119tnie realizuj\u0105 si\u0119 podczas dodatkowych zaj\u0119\u0107 i lubi\u0105 przyrod\u0119. Dlatego tereny Wolicy s\u0105 im dobrze znane (Wolica \u2013 osiedle D\u0119bicy po\u0142o\u017cone nad le\u015bnymi wzg\u00f3rzami).<\/p>\n<p>Wyje\u017cd\u017caj\u0105c do Krakowa na spotkania ze sztuk\u0105, ch\u0119tnie poznaj\u0105 to miasto, odwiedzaj\u0105c krakowskie galerie.<\/p>\n<p>W wolnym czasie, kt\u00f3rego za du\u017co nie maj\u0105, rozwi\u0105zuj\u0105 zadania z matematyki i fizyki. J\u0119zyk polski wol\u0105 poznawa\u0107 praktycznie, podczas spotka\u0144 towarzyskich. S\u0105 pe\u0142ni humoru i wiedz\u0105, co dla nich jest najwa\u017cniejsze.<\/p>\n","protected":false},"excerpt":{"rendered":"<p>Konkurs Kwalifikacyjny wygra\u0142a klasa z II Liceum Og\u00f3lnokszta\u0142c\u0105cego im. ks. Jana Twardowskiego w D\u0119bicy, kt\u00f3ra zrealizowa\u0142a projekt pt. &#8222;Badania warunk\u00f3w termicznych do lot\u00f3w szybowcowych na terenie Bieszczad\u00f3w&#8221; w ramach przedsi\u0119wzi\u0119cia \u201e\u015acie\u017cki Kopernika\u201d. Zwyci\u0119ska klasa: Klasa IIa (matematyczno-fizyczna) z II LO w D\u0119bicy ma du\u017cy potencja\u0142 matematyczny. Liczy 28 os\u00f3b, z kt\u00f3rych ka\u017cda ma inne priorytety [&hellip;]<\/p>\n","protected":false},"author":1,"featured_media":0,"parent":8,"menu_order":0,"comment_status":"closed","ping_status":"closed","template":"","meta":{"footnotes":""},"class_list":["post-394","page","type-page","status-publish","hentry"],"_links":{"self":[{"href":"https:\/\/dolinawiedzy.pl\/projekty\/wp-json\/wp\/v2\/pages\/394","targetHints":{"allow":["GET"]}}],"collection":[{"href":"https:\/\/dolinawiedzy.pl\/projekty\/wp-json\/wp\/v2\/pages"}],"about":[{"href":"https:\/\/dolinawiedzy.pl\/projekty\/wp-json\/wp\/v2\/types\/page"}],"author":[{"embeddable":true,"href":"https:\/\/dolinawiedzy.pl\/projekty\/wp-json\/wp\/v2\/users\/1"}],"replies":[{"embeddable":true,"href":"https:\/\/dolinawiedzy.pl\/projekty\/wp-json\/wp\/v2\/comments?post=394"}],"version-history":[{"count":4,"href":"https:\/\/dolinawiedzy.pl\/projekty\/wp-json\/wp\/v2\/pages\/394\/revisions"}],"predecessor-version":[{"id":399,"href":"https:\/\/dolinawiedzy.pl\/projekty\/wp-json\/wp\/v2\/pages\/394\/revisions\/399"}],"up":[{"embeddable":true,"href":"https:\/\/dolinawiedzy.pl\/projekty\/wp-json\/wp\/v2\/pages\/8"}],"wp:attachment":[{"href":"https:\/\/dolinawiedzy.pl\/projekty\/wp-json\/wp\/v2\/media?parent=394"}],"curies":[{"name":"wp","href":"https:\/\/api.w.org\/{rel}","templated":true}]}}