{"id":31,"date":"2016-12-19T10:48:11","date_gmt":"2016-12-19T09:48:11","guid":{"rendered":"https:\/\/dolinawiedzy.pl\/projekty\/?page_id=31"},"modified":"2016-12-27T16:08:17","modified_gmt":"2016-12-27T15:08:17","slug":"odlotowa-fizyka","status":"publish","type":"page","link":"https:\/\/dolinawiedzy.pl\/projekty\/realizacje\/odlotowa-fizyka\/","title":{"rendered":"Odlotowa fizyka"},"content":{"rendered":"<p>Przedstawiamy wykaz szk\u00f3\u0142, kt\u00f3re odwiedzili\u015bmy z projektem Odlotowa Fizyka, zatwierdzony przez Kuratorium O\u015bwiaty w Rzeszowie:<\/p>\n<ul>\n<li>Gimnazjum w Domaradzu<\/li>\n<li>Zesp\u00f3\u0142 Szk\u00f3\u0142 w Korczynie &#8211; Gimnazjum<\/li>\n<li>Zesp\u00f3\u0142 Szk\u00f3\u0142 Publicznych w Miejscu Piastowym &#8211; Gimnazjum<\/li>\n<li>Gimnazjum Publiczne w Iwoniczu<\/li>\n<li>Gimnazjum w Haczowie<\/li>\n<li>Publiczne Gimnazjum w Kro\u015bcienku Wy\u017cnym<\/li>\n<li>Gminne Gimnazjum im. Jana Paw\u0142a II w Rani\u017cowie<\/li>\n<li>Gimnazjum Publiczne w Niwiskach<\/li>\n<li>Zesp\u00f3\u0142 Szk\u00f3\u0142 w Besku &#8211; Gimnazjum<\/li>\n<li>Gimnazjum w Zarszynie<\/li>\n<li>Gimnazjum im. Kardyna\u0142a Stefana Wyszy\u0144skiego w Zespole Szk\u00f3\u0142 w Dydni<\/li>\n<li>Zesp\u00f3\u0142 Szk\u00f3\u0142 w Dobrej &#8211; Gimnazjum<\/li>\n<li>Publiczne Gimnazjum w Krzywczy<\/li>\n<li>Publiczne Gimnazjum nr 1 w Birczy<\/li>\n<li>Gimnazjum im. kard. A.S.Sapiehy w Krasiczynie<\/li>\n<li>Zesp\u00f3\u0142 Szk\u00f3\u0142 we Fredropolu &#8211; Gimnazjum<\/li>\n<li>Zesp\u00f3\u0142 Szkolno Przedszkolny Gimnazjum Publiczne im. Or\u0142a Bia\u0142ego w Or\u0142ach<\/li>\n<li>Gimnazjum Publiczne w Zespole Szk\u00f3\u0142 w Stubnie<\/li>\n<li>Publiczne Gimnazjum im. Jana Paw\u0142a II w Dubiecku<\/li>\n<li>Gimnazjum Publiczne im. ks. Br. Markiewicza w Pruchniku<\/li>\n<li>Zesp\u00f3\u0142 Szk\u00f3\u0142 w Wi\u0105zownicy Gimnazjum Publiczne<\/li>\n<li>Zesp\u00f3\u0142 Szk\u00f3\u0142 w Laszkach Gimnazjum<\/li>\n<li>Gimnazjum Nr 1 w Radymnie<\/li>\n<li>Zesp\u00f3\u0142 Szk\u00f3\u0142 Publicznych w Wielkich Oczach &#8211; Gimnazjum Nr 1<\/li>\n<li>Zesp\u00f3\u0142 Szk\u00f3\u0142 w Starym Dzikowie &#8211; Gimnazjum Publiczne<\/li>\n<li>Zesp\u00f3\u0142 Szk\u00f3\u0142 Gimnazjum w Try\u0144czy<\/li>\n<li>Zesp\u00f3\u0142 Szk\u00f3\u0142 Gimnazjum w Try\u0144czy<\/li>\n<li>Zesp\u00f3\u0142 Szk\u00f3\u0142 w Zarzeczu<\/li>\n<li>Zesp\u00f3\u0142 Szk\u00f3\u0142 im. A. Mickiewicza &#8211; Gimnazjum w \u017bo\u0142yni<\/li>\n<li>Publiczne Gimnazjum im. Jana Paw\u0142a II w Bia\u0142obrzegach<\/li>\n<li>Publiczne Gimnazjum w Rakszawie<\/li>\n<li>Zesp\u00f3\u0142 Szk\u00f3\u0142 w Czarnej &#8211; Publiczne Gimnazjum<\/li>\n<li>Zesp\u00f3\u0142 Szk\u00f3\u0142 im. Jana Paw\u0142a II w Grodzisku Dolnym- Gimnazjum<\/li>\n<li>Zesp\u00f3\u0142 Szk\u00f3\u0142 Publiczne Gimnazjum w Kury\u0142\u00f3wce<\/li>\n<li>Zesp\u00f3\u0142 Szk\u00f3\u0142 w Starym Mie\u015bcie &#8211; Gimnazjum<\/li>\n<li>Gimnazjum w Nowej Sarzynie<\/li>\n<li>Publiczne Gimnazjum im. Orl\u0105t w Rudniku nad Sanem<\/li>\n<li>Zesp\u00f3\u0142 Szk\u00f3\u0142 w Ulanowie &#8211; Gimnazjum<\/li>\n<li>Publiczne Gimnazjum w Harasiukach<\/li>\n<li>Zesp\u00f3\u0142 Szk\u00f3\u0142 w Jarocinie &#8211; Publiczne Gimnazjum<\/li>\n<li>Zesp\u00f3\u0142 Szk\u00f3\u0142 nr 2 w Kolbuszowej &#8211; Gimnazjum nr 2<\/li>\n<li>Publiczne Gimnazjum w Cmolasie<\/li>\n<li>Zesp\u00f3\u0142 Szk\u00f3\u0142 w Dzikowcu &#8211; Gimnazjum<\/li>\n<li>Publiczne Gimnazjum Nr 1 w Majdanie Kr\u00f3lewskim<\/li>\n<li>Zesp\u00f3\u0142 Szk\u00f3\u0142 w Woli Mieleckiej &#8211; Gimnazjum<\/li>\n<li>Zesp\u00f3\u0142 Szk\u00f3\u0142 w Chorzelowie &#8211; Gimnazjum<\/li>\n<li>Gimnazjum w Czerminie<\/li>\n<li>Publiczne Gimnazjum im. Wincentego Witosa w P\u0142awie<\/li>\n<li>Zesp\u00f3\u0142 Szkolno Gimnazjalny w Gaw\u0142uszowicach &#8211; Gimnazjum<\/li>\n<li>Gimnazjum w Padwi Narodowej<\/li>\n<li>Publiczne Gimnazjum Nr 1 w Zaleszanach<\/li>\n<li>Zesp\u00f3\u0142 Szk\u00f3\u0142 Og\u00f3lnokszta\u0142c\u0105cych w Zaklikowie &#8211; Publiczne Gimnazjum<\/li>\n<li>Publiczne Gimnazjum w Wielopolu Skrzy\u0144skim<\/li>\n<li>Zesp\u00f3\u0142 Szk\u00f3\u0142 Publiczne Gimnazjum w Zawadzie<\/li>\n<li>Publiczne Gimnazjum im. \u015bw. Kingi w Czudcu<\/li>\n<li>Zesp\u00f3\u0142 Szk\u00f3\u0142 &#8211; Gimnazjum w Niebylcu<\/li>\n<li>Gimnazjum im. Orl\u0105t Lwowskich w Wi\u015bniowe<\/li>\n<li>Gimnazjum Publiczne nr. 1 we Frysztaku<\/li>\n<li>Zesp\u00f3\u0142 Szko\u0142y Podstawowej i Gimnazjum w Ko\u0142aczycach<\/li>\n<li>Zesp\u00f3\u0142 Szk\u00f3\u0142 w Tarnowcu &#8211; Gimnazjum<\/li>\n<li>Zesp\u00f3\u0142 Szk\u00f3\u0142 w Trzcinicy &#8211; Publiczne Gimnazjum Nr 2<\/li>\n<li>Zesp\u00f3\u0142 Szk\u00f3\u0142 w Osobnicy &#8211; Publiczne Gimnazjum nr 1<\/li>\n<li>Publiczne Gimnazjum w Przyb\u00f3wce<\/li>\n<li>Zesp\u00f3\u0142 Szk\u00f3\u0142 Publicznych w Jedliczu &#8211; Gimnazjum<\/li>\n<\/ul>\n","protected":false},"excerpt":{"rendered":"<p>Przedstawiamy wykaz szk\u00f3\u0142, kt\u00f3re odwiedzili\u015bmy z projektem Odlotowa Fizyka, zatwierdzony przez Kuratorium O\u015bwiaty w Rzeszowie: Gimnazjum w Domaradzu Zesp\u00f3\u0142 Szk\u00f3\u0142 w Korczynie &#8211; Gimnazjum Zesp\u00f3\u0142 Szk\u00f3\u0142 Publicznych w Miejscu Piastowym &#8211; Gimnazjum Gimnazjum Publiczne w Iwoniczu Gimnazjum w Haczowie Publiczne Gimnazjum w Kro\u015bcienku Wy\u017cnym Gminne Gimnazjum im. Jana Paw\u0142a II w Rani\u017cowie Gimnazjum Publiczne w [&hellip;]<\/p>\n","protected":false},"author":1,"featured_media":0,"parent":8,"menu_order":0,"comment_status":"closed","ping_status":"closed","template":"","meta":{"footnotes":""},"class_list":["post-31","page","type-page","status-publish","hentry"],"_links":{"self":[{"href":"https:\/\/dolinawiedzy.pl\/projekty\/wp-json\/wp\/v2\/pages\/31","targetHints":{"allow":["GET"]}}],"collection":[{"href":"https:\/\/dolinawiedzy.pl\/projekty\/wp-json\/wp\/v2\/pages"}],"about":[{"href":"https:\/\/dolinawiedzy.pl\/projekty\/wp-json\/wp\/v2\/types\/page"}],"author":[{"embeddable":true,"href":"https:\/\/dolinawiedzy.pl\/projekty\/wp-json\/wp\/v2\/users\/1"}],"replies":[{"embeddable":true,"href":"https:\/\/dolinawiedzy.pl\/projekty\/wp-json\/wp\/v2\/comments?post=31"}],"version-history":[{"count":4,"href":"https:\/\/dolinawiedzy.pl\/projekty\/wp-json\/wp\/v2\/pages\/31\/revisions"}],"predecessor-version":[{"id":128,"href":"https:\/\/dolinawiedzy.pl\/projekty\/wp-json\/wp\/v2\/pages\/31\/revisions\/128"}],"up":[{"embeddable":true,"href":"https:\/\/dolinawiedzy.pl\/projekty\/wp-json\/wp\/v2\/pages\/8"}],"wp:attachment":[{"href":"https:\/\/dolinawiedzy.pl\/projekty\/wp-json\/wp\/v2\/media?parent=31"}],"curies":[{"name":"wp","href":"https:\/\/api.w.org\/{rel}","templated":true}]}}