{"id":581,"date":"2017-09-14T10:00:42","date_gmt":"2017-09-14T08:00:42","guid":{"rendered":"https:\/\/dolinawiedzy.pl\/festiwal\/?page_id=581"},"modified":"2017-09-15T18:25:52","modified_gmt":"2017-09-15T16:25:52","slug":"wspolorganizatorzy","status":"publish","type":"page","link":"https:\/\/dolinawiedzy.pl\/festiwalnauki2017\/wspolorganizatorzy\/","title":{"rendered":"Wsp\u00f3\u0142organizatorzy"},"content":{"rendered":"<p><strong>Wojew\u00f3dztwo Podkarpackie<\/strong> \u2013 brama Europy, przestrze\u0144 nowoczesnej gospodarki, niewyczerpanej przyrody, kultury i\u2026 mo\u017cliwo\u015bci. Czyste i nowoczesne technologie \u015bwiatowej Doliny Lotniczej, informatyki, telekomunikacji, farmacji, s\u0105siaduj\u0105 tu\u00a0z\u00a0przestrzeni\u0105 aktywnego wypoczynku, g\u00f3rskiej przyrody, wielokulturowo\u015bci i\u00a0kreatywno\u015bci. Nowoczesne\u00a0 lotnisko, autostrada Wsch\u00f3d-Zach\u00f3d, unijne przej\u015bcia graniczne, skrzy\u017cowanie europejskich tras, gotowe tereny inwestycyjne specjalnych stref ekonomicznych i zasoby m\u0142odych wykszta\u0142conych ludzi sprawiaj\u0105, \u017ce dziesi\u0105tki \u015bwiatowych firm w\u0142a\u015bnie tu lokuj\u0105 swoje siedziby. A po godzinach? Aktywny wypoczynek na l\u0105dzie, wodzie i w powietrzu \u2013 szybownictwo, paralotniarstwo, \u017ceglarstwo, narciarstwo, bezkresne w\u0119dr\u00f3wki i wyprawy rowerowe po setkach kilometr\u00f3w szlak\u00f3w. A wszystko to w otoczeniu dzikiej przyrody, karpackich krajobraz\u00f3w, legendarnych Bieszczad\u00f3w, Roztocza i Beskidu Niskiego. Do tego zanurzenie w r\u00f3\u017cnorodnej bogatej kulturze, architekturze i sztuce pogranicza, czas i\u00a0miejsce na spok\u00f3j, tw\u00f3rczo\u015b\u0107 i spojrzenie na zabiegany \u015bwiat z g\u00f3ry. Z lotu ptaka.<\/p>\n<p><a href=\"https:\/\/www.youtube.com\/watch?v=wFyjhI8c6tQ\">https:\/\/www.youtube.com\/watch?v=wFyjhI8c6tQ<\/a>;<\/p>\n<p><a href=\"https:\/\/www.youtube.com\/watch?v=mmgh_RUkSFw\">https:\/\/www.youtube.com\/watch?v=mmgh_RUkSFw<\/a><\/p>\n<p>&nbsp;<\/p>\n<p>&nbsp;<\/p>\n<p><strong>G2A Arena Centrum Wystawienniczo Kongresowe Wojew\u00f3dztwa Podkarpackiego<\/strong> w Jasionce jest obecnie najnowocze\u015bniejszym obiektem biznesowym zlokalizowanym na terenie wojew\u00f3dztwa podkarpackiego. G\u0142\u00f3wnym celem jest organizacja najwi\u0119kszych, najwa\u017cniejszych i najbardziej presti\u017cowych imprez targowych, wystaw i konferencji w regionie. Uroczyste otwarcie obiektu nast\u0105pi\u0142o 23 czerwca 2016 roku.<\/p>\n<p>G2A Arena to ponad 16 tys. metr\u00f3w kwadratowych powierzchni wystawienniczej, sala kongresowa na 872 osoby, 2 du\u017ce sale konferencyjne na 220 i 190 os\u00f3b, 8 mniejszych sal, kt\u00f3re pomieszcz\u0105 od 20 do 60 os\u00f3b, pok\u00f3j narad na 33 osoby i ponadto dwie sale: restauracyjna i bankietowa, kt\u00f3re mog\u0105 pomie\u015bci\u0107 odpowiednio 160 i 120 os\u00f3b. Dost\u0119pny jest tak\u017ce przestronny zewn\u0119trzny i podziemny parking.<\/p>\n<p>Centrum Wystawienniczo Kongresowe Wojew\u00f3dztwa Podkarpackiego w Jasionce jest biznesowym sercem dynamicznie rozwijaj\u0105cego si\u0119 regionu.<\/p>\n<p>Rzesz\u00f3w od G2A Areny dzieli jedynie 10 minut drogi. Obiekt jest dobrze skomunikowany z miastem za pomoc\u0105 transportu publicznego. Do kompleksu mo\u017cna te\u017c wygodnie dojecha\u0107 samochodem.<\/p>\n<p>Od Portu Lotniczego \u201eRzesz\u00f3w-Jasionka\u201d obiekt dzieli jedynie pas jezdni, odleg\u0142o\u015b\u0107 od terminala przylot\u00f3w i odlot\u00f3w do G2A Areny to 3 minuty pieszo.<\/p>\n<p><img loading=\"lazy\" decoding=\"async\" class=\"alignnone wp-image-589\" src=\"https:\/\/dolinawiedzy.pl\/festiwal\/wp-content\/uploads\/sites\/8\/2017\/09\/DSC7751-300x200.jpg\" alt=\"\" width=\"210\" height=\"140\" srcset=\"https:\/\/dolinawiedzy.pl\/festiwalnauki2017\/wp-content\/uploads\/sites\/8\/2017\/09\/DSC7751-300x200.jpg 300w, https:\/\/dolinawiedzy.pl\/festiwalnauki2017\/wp-content\/uploads\/sites\/8\/2017\/09\/DSC7751-768x512.jpg 768w, https:\/\/dolinawiedzy.pl\/festiwalnauki2017\/wp-content\/uploads\/sites\/8\/2017\/09\/DSC7751-1024x683.jpg 1024w\" sizes=\"auto, (max-width: 210px) 100vw, 210px\" \/> <img loading=\"lazy\" decoding=\"async\" class=\"alignnone wp-image-590\" src=\"https:\/\/dolinawiedzy.pl\/festiwal\/wp-content\/uploads\/sites\/8\/2017\/09\/DSC7810-300x200.jpg\" alt=\"\" width=\"210\" height=\"140\" srcset=\"https:\/\/dolinawiedzy.pl\/festiwalnauki2017\/wp-content\/uploads\/sites\/8\/2017\/09\/DSC7810-300x200.jpg 300w, https:\/\/dolinawiedzy.pl\/festiwalnauki2017\/wp-content\/uploads\/sites\/8\/2017\/09\/DSC7810-768x512.jpg 768w, https:\/\/dolinawiedzy.pl\/festiwalnauki2017\/wp-content\/uploads\/sites\/8\/2017\/09\/DSC7810-1024x682.jpg 1024w\" sizes=\"auto, (max-width: 210px) 100vw, 210px\" \/> <img loading=\"lazy\" decoding=\"async\" class=\"alignnone wp-image-591\" src=\"https:\/\/dolinawiedzy.pl\/festiwal\/wp-content\/uploads\/sites\/8\/2017\/09\/DSC7829-300x200.jpg\" alt=\"\" width=\"210\" height=\"140\" srcset=\"https:\/\/dolinawiedzy.pl\/festiwalnauki2017\/wp-content\/uploads\/sites\/8\/2017\/09\/DSC7829-300x200.jpg 300w, https:\/\/dolinawiedzy.pl\/festiwalnauki2017\/wp-content\/uploads\/sites\/8\/2017\/09\/DSC7829-768x513.jpg 768w, https:\/\/dolinawiedzy.pl\/festiwalnauki2017\/wp-content\/uploads\/sites\/8\/2017\/09\/DSC7829-1024x684.jpg 1024w\" sizes=\"auto, (max-width: 210px) 100vw, 210px\" \/><\/p>\n<p>&nbsp;<\/p>\n<p><strong>Polska Agencja Kosmiczna<\/strong> jest rz\u0105dow\u0105 agencj\u0105 wykonawcz\u0105. Zosta\u0142a powo\u0142ana na mocy ustawy o Polskiej Agencji Kosmicznej z dnia 26 wrze\u015bnia 2014 roku, a dzia\u0142alno\u015b\u0107 operacyjn\u0105 rozpocz\u0119\u0142a pod koniec roku 2015. Agencja posiada siedzib\u0119 g\u0142\u00f3wn\u0105 w Gda\u0144sku oraz dwa oddzia\u0142y terenowe \u2013 w Warszawie i Rzeszowie.<\/p>\n<p>Na mocy ustawy PAK realizuje zadania w zakresie bada\u0144 i rozwoju techniki kosmicznej, w tym in\u017cynierii satelitarnej oraz ich zastosowania dla cel\u00f3w u\u017cytkowych, gospodarczych, obronnych, bezpiecze\u0144stwa pa\u0144stwa oraz naukowych.<\/p>\n<p>Agencja zapewnia sp\u00f3jno\u015b\u0107 polskiej polityki kosmicznej realizowanej w ramach program\u00f3w narodowych i mi\u0119dzynarodowych, reprezentuje polski interes gospodarczy i naukowy w dziedzinie badania i u\u017cytkowania przestrzeni kosmicznej oraz zapewnia systemowe wsparcie dla przemys\u0142u, sektora edukacji i nauki. Agencja reprezentuje Rzeczpospolit\u0105 Polsk\u0105 na arenie mi\u0119dzynarodowej, w szczeg\u00f3lno\u015bci w ramach Unii Europejskiej, Europejskiej Agencji Kosmicznej (ESA), Europejskiej Organizacji Eksploatacji Satelit\u00f3w Meteorologicznych (EUMETSAT) i Europejskiej Agencji Obrony (EDA).<\/p>\n<p>Ka\u017cdego roku Agencja przygotowuje kompleksow\u0105 informacj\u0119 o polskim sektorze kosmicznymi i przeprowadza ocen\u0119 stanu rozwoju bada\u0144 i u\u017cytkowania przestrzeni kosmicznej w Polsce. PAK realizuje tak\u017ce zadania z zakresu obronno\u015bci i bezpiecze\u0144stwa pa\u0144stwa, w szczeg\u00f3lno\u015bci w obszarach: satelitarnej obserwacji powierzchni Ziemi, obserwacji przestrzeni kosmicznej, nawigacji i \u0142\u0105czno\u015bci satelitarnej. Jednym z narz\u0119dzi s\u0142u\u017c\u0105cych realizacji zada\u0144 statutowych Agencji jest Krajowy Program Kosmiczny. Celem opracowania i wdro\u017cenia Krajowego Programu Kosmicznego jest zbudowanie systemu efektywnych narz\u0119dzi wsparcia doradczego, finansowego i edukacyjnego dla krajowego sektora kosmicznego i dla instytucji realizuj\u0105cych polsk\u0105 polityk\u0119 kosmiczn\u0105. Program obejmie m.in. kompleksow\u0105 analiz\u0119 krajowego sektora kosmicznego, wskazanie projekt\u00f3w strategicznych i dziedzin z zakresu technik kosmicznych i technologii satelitarnych, kt\u00f3rych rozw\u00f3j w Polsce b\u0119dzie wspierany instytucjonalnie, jak r\u00f3wnie\u017c rekomendacj\u0119 konkretnych narz\u0119dzi finansowania tych przedsi\u0119wzi\u0119\u0107. Dokument b\u0119dzie te\u017c zawiera\u0142 harmonogram realizacji programu na najbli\u017csze lata i system monitorowania osi\u0105gania za\u0142o\u017conych cel\u00f3w.<\/p>\n<p>Wi\u0119cej informacji o Polskiej Agencji Kosmicznej mo\u017cna znale\u017a\u0107 w portalu: <a href=\"http:\/\/www.polsa.gov.pl\/\">www.polsa.gov.pl<\/a>.<\/p>\n<p><img loading=\"lazy\" decoding=\"async\" class=\"alignnone  wp-image-605\" src=\"https:\/\/dolinawiedzy.pl\/festiwal\/wp-content\/uploads\/sites\/8\/2017\/09\/logo_POLSA-01.jpg\" alt=\"\" width=\"304\" height=\"154\" srcset=\"https:\/\/dolinawiedzy.pl\/festiwalnauki2017\/wp-content\/uploads\/sites\/8\/2017\/09\/logo_POLSA-01.jpg 908w, https:\/\/dolinawiedzy.pl\/festiwalnauki2017\/wp-content\/uploads\/sites\/8\/2017\/09\/logo_POLSA-01-300x152.jpg 300w, https:\/\/dolinawiedzy.pl\/festiwalnauki2017\/wp-content\/uploads\/sites\/8\/2017\/09\/logo_POLSA-01-768x389.jpg 768w\" sizes=\"auto, (max-width: 304px) 100vw, 304px\" \/><\/p>\n<p>&nbsp;<\/p>\n<p>&nbsp;<\/p>\n<p>&nbsp;<\/p>\n","protected":false},"excerpt":{"rendered":"<p>Wojew\u00f3dztwo Podkarpackie \u2013 brama Europy, przestrze\u0144 nowoczesnej gospodarki, niewyczerpanej przyrody, kultury i\u2026 mo\u017cliwo\u015bci. Czyste i nowoczesne technologie \u015bwiatowej Doliny Lotniczej, informatyki, telekomunikacji, farmacji, s\u0105siaduj\u0105 tu\u00a0z\u00a0przestrzeni\u0105 aktywnego wypoczynku, g\u00f3rskiej przyrody, wielokulturowo\u015bci i\u00a0kreatywno\u015bci. Nowoczesne\u00a0 lotnisko, autostrada Wsch\u00f3d-Zach\u00f3d, unijne przej\u015bcia graniczne, skrzy\u017cowanie europejskich tras, gotowe tereny inwestycyjne specjalnych stref ekonomicznych i zasoby m\u0142odych wykszta\u0142conych ludzi sprawiaj\u0105, \u017ce dziesi\u0105tki \u015bwiatowych firm w\u0142a\u015bnie tu lokuj\u0105 swoje siedziby. A po godzinach? Aktywny wypoczynek na l\u0105dzie, wodzie&hellip;<\/p>\n","protected":false},"author":1,"featured_media":0,"parent":0,"menu_order":0,"comment_status":"closed","ping_status":"closed","template":"","meta":{"footnotes":""},"class_list":["post-581","page","type-page","status-publish","hentry"],"_links":{"self":[{"href":"https:\/\/dolinawiedzy.pl\/festiwalnauki2017\/wp-json\/wp\/v2\/pages\/581","targetHints":{"allow":["GET"]}}],"collection":[{"href":"https:\/\/dolinawiedzy.pl\/festiwalnauki2017\/wp-json\/wp\/v2\/pages"}],"about":[{"href":"https:\/\/dolinawiedzy.pl\/festiwalnauki2017\/wp-json\/wp\/v2\/types\/page"}],"author":[{"embeddable":true,"href":"https:\/\/dolinawiedzy.pl\/festiwalnauki2017\/wp-json\/wp\/v2\/users\/1"}],"replies":[{"embeddable":true,"href":"https:\/\/dolinawiedzy.pl\/festiwalnauki2017\/wp-json\/wp\/v2\/comments?post=581"}],"version-history":[{"count":6,"href":"https:\/\/dolinawiedzy.pl\/festiwalnauki2017\/wp-json\/wp\/v2\/pages\/581\/revisions"}],"predecessor-version":[{"id":606,"href":"https:\/\/dolinawiedzy.pl\/festiwalnauki2017\/wp-json\/wp\/v2\/pages\/581\/revisions\/606"}],"wp:attachment":[{"href":"https:\/\/dolinawiedzy.pl\/festiwalnauki2017\/wp-json\/wp\/v2\/media?parent=581"}],"curies":[{"name":"wp","href":"https:\/\/api.w.org\/{rel}","templated":true}]}}

Współorganizatorzy

<p><strong>Województwo Podkarpackie</strong> – brama Europy, przestrzeń nowoczesnej gospodarki, niewyczerpanej przyrody, kultury i… możliwości. Czyste i nowoczesne technologie światowej Doliny Lotniczej, informatyki, telekomunikacji, farmacji, sąsiadują tu z przestrzenią aktywnego wypoczynku, górskiej przyrody, wielokulturowości i kreatywności. Nowoczesne  lotnisko, autostrada Wschód-Zachód, unijne przejścia graniczne, skrzyżowanie europejskich tras, gotowe tereny inwestycyjne specjalnych stref ekonomicznych i zasoby młodych wykształconych ludzi sprawiają, że dziesiątki światowych firm właśnie tu lokują swoje siedziby. A po godzinach? Aktywny wypoczynek na lądzie, wodzie i w powietrzu – szybownictwo, paralotniarstwo, żeglarstwo, narciarstwo, bezkresne wędrówki i wyprawy rowerowe po setkach kilometrów szlaków. A wszystko to w otoczeniu dzikiej przyrody, karpackich krajobrazów, legendarnych Bieszczadów, Roztocza i Beskidu Niskiego. Do tego zanurzenie w różnorodnej bogatej kulturze, architekturze i sztuce pogranicza, czas i miejsce na spokój, twórczość i spojrzenie na zabiegany świat z góry. Z lotu ptaka.</p>
<p><a href="https://www.youtube.com/watch?v=wFyjhI8c6tQ">https://www.youtube.com/watch?v=wFyjhI8c6tQ</a>;</p>
<p><a href="https://www.youtube.com/watch?v=mmgh_RUkSFw">https://www.youtube.com/watch?v=mmgh_RUkSFw</a></p>
<p>&nbsp;</p>
<p>&nbsp;</p>
<p><strong>G2A Arena Centrum Wystawienniczo Kongresowe Województwa Podkarpackiego</strong> w Jasionce jest obecnie najnowocześniejszym obiektem biznesowym zlokalizowanym na terenie województwa podkarpackiego. Głównym celem jest organizacja największych, najważniejszych i najbardziej prestiżowych imprez targowych, wystaw i konferencji w regionie. Uroczyste otwarcie obiektu nastąpiło 23 czerwca 2016 roku.</p>
<p>G2A Arena to ponad 16 tys. metrów kwadratowych powierzchni wystawienniczej, sala kongresowa na 872 osoby, 2 duże sale konferencyjne na 220 i 190 osób, 8 mniejszych sal, które pomieszczą od 20 do 60 osób, pokój narad na 33 osoby i ponadto dwie sale: restauracyjna i bankietowa, które mogą pomieścić odpowiednio 160 i 120 osób. Dostępny jest także przestronny zewnętrzny i podziemny parking.</p>
<p>Centrum Wystawienniczo Kongresowe Województwa Podkarpackiego w Jasionce jest biznesowym sercem dynamicznie rozwijającego się regionu.</p>
<p>Rzeszów od G2A Areny dzieli jedynie 10 minut drogi. Obiekt jest dobrze skomunikowany z miastem za pomocą transportu publicznego. Do kompleksu można też wygodnie dojechać samochodem.</p>
<p>Od Portu Lotniczego „Rzeszów-Jasionka” obiekt dzieli jedynie pas jezdni, odległość od terminala przylotów i odlotów do G2A Areny to 3 minuty pieszo.</p>
<p><img loading="lazy" decoding="async" class="alignnone wp-image-589" src="https://dolinawiedzy.pl/festiwal/wp-content/uploads/sites/8/2017/09/DSC7751-300x200.jpg" alt="" width="210" height="140" srcset="https://dolinawiedzy.pl/festiwalnauki2017/wp-content/uploads/sites/8/2017/09/DSC7751-300x200.jpg 300w, https://dolinawiedzy.pl/festiwalnauki2017/wp-content/uploads/sites/8/2017/09/DSC7751-768x512.jpg 768w, https://dolinawiedzy.pl/festiwalnauki2017/wp-content/uploads/sites/8/2017/09/DSC7751-1024x683.jpg 1024w" sizes="auto, (max-width: 210px) 100vw, 210px" /> <img loading="lazy" decoding="async" class="alignnone wp-image-590" src="https://dolinawiedzy.pl/festiwal/wp-content/uploads/sites/8/2017/09/DSC7810-300x200.jpg" alt="" width="210" height="140" srcset="https://dolinawiedzy.pl/festiwalnauki2017/wp-content/uploads/sites/8/2017/09/DSC7810-300x200.jpg 300w, https://dolinawiedzy.pl/festiwalnauki2017/wp-content/uploads/sites/8/2017/09/DSC7810-768x512.jpg 768w, https://dolinawiedzy.pl/festiwalnauki2017/wp-content/uploads/sites/8/2017/09/DSC7810-1024x682.jpg 1024w" sizes="auto, (max-width: 210px) 100vw, 210px" /> <img loading="lazy" decoding="async" class="alignnone wp-image-591" src="https://dolinawiedzy.pl/festiwal/wp-content/uploads/sites/8/2017/09/DSC7829-300x200.jpg" alt="" width="210" height="140" srcset="https://dolinawiedzy.pl/festiwalnauki2017/wp-content/uploads/sites/8/2017/09/DSC7829-300x200.jpg 300w, https://dolinawiedzy.pl/festiwalnauki2017/wp-content/uploads/sites/8/2017/09/DSC7829-768x513.jpg 768w, https://dolinawiedzy.pl/festiwalnauki2017/wp-content/uploads/sites/8/2017/09/DSC7829-1024x684.jpg 1024w" sizes="auto, (max-width: 210px) 100vw, 210px" /></p>
<p>&nbsp;</p>
<p><strong>Polska Agencja Kosmiczna</strong> jest rządową agencją wykonawczą. Została powołana na mocy ustawy o Polskiej Agencji Kosmicznej z dnia 26 września 2014 roku, a działalność operacyjną rozpoczęła pod koniec roku 2015. Agencja posiada siedzibę główną w Gdańsku oraz dwa oddziały terenowe – w Warszawie i Rzeszowie.</p>
<p>Na mocy ustawy PAK realizuje zadania w zakresie badań i rozwoju techniki kosmicznej, w tym inżynierii satelitarnej oraz ich zastosowania dla celów użytkowych, gospodarczych, obronnych, bezpieczeństwa państwa oraz naukowych.</p>
<p>Agencja zapewnia spójność polskiej polityki kosmicznej realizowanej w ramach programów narodowych i międzynarodowych, reprezentuje polski interes gospodarczy i naukowy w dziedzinie badania i użytkowania przestrzeni kosmicznej oraz zapewnia systemowe wsparcie dla przemysłu, sektora edukacji i nauki. Agencja reprezentuje Rzeczpospolitą Polską na arenie międzynarodowej, w szczególności w ramach Unii Europejskiej, Europejskiej Agencji Kosmicznej (ESA), Europejskiej Organizacji Eksploatacji Satelitów Meteorologicznych (EUMETSAT) i Europejskiej Agencji Obrony (EDA).</p>
<p>Każdego roku Agencja przygotowuje kompleksową informację o polskim sektorze kosmicznymi i przeprowadza ocenę stanu rozwoju badań i użytkowania przestrzeni kosmicznej w Polsce. PAK realizuje także zadania z zakresu obronności i bezpieczeństwa państwa, w szczególności w obszarach: satelitarnej obserwacji powierzchni Ziemi, obserwacji przestrzeni kosmicznej, nawigacji i łączności satelitarnej. Jednym z narzędzi służących realizacji zadań statutowych Agencji jest Krajowy Program Kosmiczny. Celem opracowania i wdrożenia Krajowego Programu Kosmicznego jest zbudowanie systemu efektywnych narzędzi wsparcia doradczego, finansowego i edukacyjnego dla krajowego sektora kosmicznego i dla instytucji realizujących polską politykę kosmiczną. Program obejmie m.in. kompleksową analizę krajowego sektora kosmicznego, wskazanie projektów strategicznych i dziedzin z zakresu technik kosmicznych i technologii satelitarnych, których rozwój w Polsce będzie wspierany instytucjonalnie, jak również rekomendację konkretnych narzędzi finansowania tych przedsięwzięć. Dokument będzie też zawierał harmonogram realizacji programu na najbliższe lata i system monitorowania osiągania założonych celów.</p>
<p>Więcej informacji o Polskiej Agencji Kosmicznej można znaleźć w portalu: <a href="http://www.polsa.gov.pl/">www.polsa.gov.pl</a>.</p>
<p><img loading="lazy" decoding="async" class="alignnone  wp-image-605" src="https://dolinawiedzy.pl/festiwal/wp-content/uploads/sites/8/2017/09/logo_POLSA-01.jpg" alt="" width="304" height="154" srcset="https://dolinawiedzy.pl/festiwalnauki2017/wp-content/uploads/sites/8/2017/09/logo_POLSA-01.jpg 908w, https://dolinawiedzy.pl/festiwalnauki2017/wp-content/uploads/sites/8/2017/09/logo_POLSA-01-300x152.jpg 300w, https://dolinawiedzy.pl/festiwalnauki2017/wp-content/uploads/sites/8/2017/09/logo_POLSA-01-768x389.jpg 768w" sizes="auto, (max-width: 304px) 100vw, 304px" /></p>
<p>&nbsp;</p>
<p>&nbsp;</p>
<p>&nbsp;</p>

<p>Województwo Podkarpackie – brama Europy, przestrzeń nowoczesnej gospodarki, niewyczerpanej przyrody, kultury i… możliwości. Czyste i nowoczesne technologie światowej Doliny Lotniczej, informatyki, telekomunikacji, farmacji, sąsiadują tu z przestrzenią aktywnego wypoczynku, górskiej przyrody, wielokulturowości i kreatywności. Nowoczesne  lotnisko, autostrada Wschód-Zachód, unijne przejścia graniczne, skrzyżowanie europejskich tras, gotowe tereny inwestycyjne specjalnych stref ekonomicznych i zasoby młodych wykształconych ludzi sprawiają, że dziesiątki światowych firm właśnie tu lokują swoje siedziby. A po godzinach? Aktywny wypoczynek na lądzie, wodzie&hellip;</p>
