{"id":579,"date":"2017-09-14T10:00:18","date_gmt":"2017-09-14T08:00:18","guid":{"rendered":"https:\/\/dolinawiedzy.pl\/festiwal\/?page_id=579"},"modified":"2017-09-15T18:43:16","modified_gmt":"2017-09-15T16:43:16","slug":"organizatorzy","status":"publish","type":"page","link":"https:\/\/dolinawiedzy.pl\/festiwalnauki2017\/organizatorzy\/","title":{"rendered":"Organizatorzy"},"content":{"rendered":"<p><strong>Fundacja Wspierania Edukacji przy Stowarzyszeniu \u201eDolina Lotnicza\u201d<\/strong> zosta\u0142a powo\u0142ana z\u00a0my\u015bl\u0105 o\u00a0stworzeniu dla dzieci i m\u0142odzie\u017cy nowych mo\u017cliwo\u015bci rozwoju poprzez organizowanie specjalnie przygotowywanych, interaktywnych zaj\u0119\u0107 oraz pokaz\u00f3w naukowych. Fundacja postawi\u0142a sobie za cel udowodnienie m\u0142odym ludziom, \u017ce nauka nie musi by\u0107 nudna i mo\u017ce dawa\u0107 wiele satysfakcji, a jej misj\u0105 jest rozwijanie ich zainteresowa\u0144 i zach\u0119canie do poznawania \u015bwiata, tak aby \u201eprzygoda\u201d z\u00a0nauk\u0105, przynios\u0142a korzy\u015bci w przysz\u0142ym \u017cyciu zawodowym. Swoje cele Fundacja realizuje poprzez projekty obejmuj\u0105ce darmowe zaj\u0119cia dla dzieci i m\u0142odzie\u017cy, kt\u00f3re odbywaj\u0105 si\u0119 w\u00a0ramach: Politechniki Dzieci\u0119cej, Politechniki Dzieci\u0119cej Wyjazdowej, Odlotowej Fizyki, Sugestii, a\u00a0tak\u017ce wielu innych inicjatyw edukacyjnych. Zaj\u0119cia Politechniki Dzieci\u0119cej w Rzeszowie odbywaj\u0105 si\u0119 nieprzerwanie od pa\u017adziernika 2009 roku. Do tej pory liczba uczestnik\u00f3w wyk\u0142ad\u00f3w w\u00a0Rzeszowie wynios\u0142a ponad 7 tysi\u0119cy dzieci z\u00a0ca\u0142ego wojew\u00f3dztwa podkarpackiego. Projekt Politechniki Dzieci\u0119cej realizowany jest r\u00f3wnie\u017c w\u00a0Filiach w Mielcu, D\u0119bicy, Stalowej Woli oraz Ustrzykach Dolnych, w kt\u00f3rych udzia\u0142 wzi\u0119\u0142o ponad 5,5 tysi\u0105ca uczestnik\u00f3w. Poza wyk\u0142adami Politechniki Dzieci\u0119cej w Rzeszowie i\u00a0w\u00a0Filiach, Fundacja Wspierania Edukacji przy Stowarzyszeniu \u201eDolina Lotnicza\u201d, realizuje r\u00f3wnie\u017c zaj\u0119cia i pokazy naukowe w\u00a0ramach innych projekt\u00f3w edukacyjnych. Z\u00a0pokazami Politechniki Dzieci\u0119cej Wyjazdowej odwiedza szko\u0142y podstawowe, przede wszystkim z\u00a0obszar\u00f3w wiejskich na terenie ca\u0142ego Podkarpacia. Do tej pory projektem tym obj\u0119te zosta\u0142o ponad 5 tysi\u0119cy dzieci. Dla uczni\u00f3w szk\u00f3\u0142 gimnazjalnych i\u00a0ponadgimnazjalnych przeznaczone zosta\u0142y programy edukacyjne: Odlotowa Fizyka, z kt\u00f3rego skorzysta\u0142o ponad 10 tysi\u0119cy uczni\u00f3w; oraz Sugestia przeznaczony dla szk\u00f3\u0142 ponadgimnazjalnych, obejmuj\u0105cy swoim zasi\u0119giem niemal 6,5 tysi\u0105ca m\u0142odych ludzi z\u00a0wojew\u00f3dztwa podkarpackiego.<\/p>\n<p>Fundacja, jest r\u00f3wnie\u017c organizatorem Festiwalu Nauki, trzydniowej imprezy naukowej skierowanej przede wszystkim do uczni\u00f3w wszystkich szczebli edukacji szkolnej: podstawowej, gimnazjalnej i\u00a0ponadgimnazjalnej, ale tak\u017ce do mieszka\u0144c\u00f3w regionu. Jego ide\u0105 jest popularyzacja i\u00a0upowszechnianie nauki, w tym przede wszystkim nauk \u015bcis\u0142ych, kierunk\u00f3w politechnicznych. Impreza ma na celu zwi\u0119kszenie \u015bwiadomo\u015bci naukowej spo\u0142ecze\u0144stwa oraz rozbudzenie zainteresowania naukami \u015bcis\u0142ymi, pokazanie, \u017ce nauka mo\u017ce by\u0107 doskona\u0142a zabaw\u0105 i przygod\u0105. \u00a0W\u00a0pierwszej edycji Festiwalu Nauki, zorganizowanej w grudniu 2015 roku udzia\u0142 wzi\u0119\u0142o niemal 6\u00a0tysi\u0119cy uczestnik\u00f3w.<\/p>\n<p>Fundacja wsp\u00f3lnie z Politechnik\u0105 Rzeszowsk\u0105 im. Ignacego \u0141ukasiewicza, oraz Stowarzyszeniem Grupy Przedsi\u0119biorc\u00f3w Przemys\u0142u Lotniczego \u201eDolina Lotnicza\u201d od wrze\u015bnia 2013 do grudnia 2014, realizowa\u0142a projekt edukacyjno-badawczy pt. \u201eBadania warunk\u00f3w termicznych do lot\u00f3w szybowcowych na terenie Bieszczad\u00f3w\u201d finansowany ze \u015brodk\u00f3w Ministerstwa Nauki i Szkolnictwa Wy\u017cszego w\u00a0ramach przedsi\u0119wzi\u0119cia \u201e\u015acie\u017cki Kopernika\u201d. W ramach projektu Fundacja wsp\u00f3lnie z\u00a0Politechnik\u0105 Rzeszowsk\u0105 organizowa\u0142a cykl weekendowych warsztat\u00f3w dla uczni\u00f3w z zakresu lotnictwa, przede wszystkim szkole\u0144 szybowcowych oraz bada\u0144 zwi\u0105zanych z lotami szybowcowymi.<\/p>\n<p>Fundacja anga\u017cuje si\u0119 r\u00f3wnie\u017c w wiele innych wydarze\u0144 popularyzuj\u0105cych nauk\u0119, podczas kt\u00f3rych wykorzystywane s\u0105 eksponaty naukowe oraz tzw. strefy, w tym strefa do\u015bwiadcze\u0144, konstruktora, matematyki czy lotnictwa, na kt\u00f3re sk\u0142adaj\u0105 si\u0119 stanowiska do\u015bwiadczalne i\u00a0warsztatowe, gdzie uczestnicy wykorzystuj\u0105c proste materia\u0142y czy pomoce naukowe, przy wsparciu animator\u00f3w i\u00a0wolontariuszy mog\u0105 wykonywa\u0107 zadania, eksperymenty czy budowa\u0107 w\u0142asne konstrukcje.<\/p>\n<p>Ponadto w ramach swojej dzia\u0142alno\u015bci statutowej Fundacja realizowa\u0142a r\u00f3wnie\u017c projekt pn. CEKSO 2. G\u0142\u00f3wne jego za\u0142o\u017cenia to skr\u00f3cenie okresu adaptacji zawodowej absolwenta i\u00a0zwi\u0119kszenie jego zdolno\u015bci dostosowania do zmiennego profilu wymaga\u0144 firmy lotniczej poprzez dostosowanie program\u00f3w edukacyjnych szk\u00f3\u0142 \u015brednich do kszta\u0142cenia kompetencji wymaganych przez pracodawc\u00f3w, oraz przygotowanie kadry nauczycielskiej do lepszego przekazywania najbardziej aktualnej wiedzy. W ramach CEKSO 2 od marca 2015r. do lutego 2016r. Fundacja wsp\u00f3lnie z\u00a0Politechnik\u0105 Rzeszowsk\u0105 prowadzi\u0142a studia podyplomowe, zaprojektowane dla nauczycieli przedmiot\u00f3w zawodowych ucz\u0105cych w szko\u0142ach ponadgimnazjalnych. Program studi\u00f3w zosta\u0142 opracowany wsp\u00f3lnie z przedstawicielami firm<span style=\"text-decoration: line-through;\">,<\/span> dzi\u0119ki czemu umiej\u0119tno\u015bci, jakie zdobyli uczestnicy odpowiadaj\u0105 wymogom stawianym przez rynek pracy.<\/p>\n<p>Fundacja stale rozwija swoje dzia\u0142ania i poszukuje nowych form popularyzacji nauki, jak i\u00a0nowych partner\u00f3w, przy czym nieustannie d\u0105\u017cy do zachowania jak najlepszej, jako\u015bci prowadzonych przez siebie dzia\u0142a\u0144. Fundacja Wspierania Edukacji jest m.in. cz\u0142onkiem Porozumienia Wiedza i Spo\u0142ecze\u0144stwo SPIN \u2013 zrzeszaj\u0105cego centra nauki w Polsce, zaanga\u017cowana jest w tworzenie Podkarpackiego Centrum Nauki, jak r\u00f3wnie\u017c konsultuje wiele innych inicjatyw i\u00a0projekt\u00f3w edukacyjnych i popularnonaukowych w\u00a0regionie.<\/p>\n<p><img loading=\"lazy\" decoding=\"async\" class=\"alignnone size-medium wp-image-617\" src=\"https:\/\/dolinawiedzy.pl\/festiwal\/wp-content\/uploads\/sites\/8\/2017\/09\/pelna-sala-z-indeksami-300x225.jpg\" alt=\"\" width=\"300\" height=\"225\" srcset=\"https:\/\/dolinawiedzy.pl\/festiwalnauki2017\/wp-content\/uploads\/sites\/8\/2017\/09\/pelna-sala-z-indeksami-300x225.jpg 300w, https:\/\/dolinawiedzy.pl\/festiwalnauki2017\/wp-content\/uploads\/sites\/8\/2017\/09\/pelna-sala-z-indeksami-768x576.jpg 768w, https:\/\/dolinawiedzy.pl\/festiwalnauki2017\/wp-content\/uploads\/sites\/8\/2017\/09\/pelna-sala-z-indeksami-1024x768.jpg 1024w\" sizes=\"auto, (max-width: 300px) 100vw, 300px\" \/> <img loading=\"lazy\" decoding=\"async\" class=\"alignnone size-medium wp-image-616\" src=\"https:\/\/dolinawiedzy.pl\/festiwal\/wp-content\/uploads\/sites\/8\/2017\/09\/laboratoria-UD-ogien-300x200.jpg\" alt=\"\" width=\"300\" height=\"200\" srcset=\"https:\/\/dolinawiedzy.pl\/festiwalnauki2017\/wp-content\/uploads\/sites\/8\/2017\/09\/laboratoria-UD-ogien-300x200.jpg 300w, https:\/\/dolinawiedzy.pl\/festiwalnauki2017\/wp-content\/uploads\/sites\/8\/2017\/09\/laboratoria-UD-ogien-768x511.jpg 768w, https:\/\/dolinawiedzy.pl\/festiwalnauki2017\/wp-content\/uploads\/sites\/8\/2017\/09\/laboratoria-UD-ogien-1024x681.jpg 1024w, https:\/\/dolinawiedzy.pl\/festiwalnauki2017\/wp-content\/uploads\/sites\/8\/2017\/09\/laboratoria-UD-ogien.jpg 2048w\" sizes=\"auto, (max-width: 300px) 100vw, 300px\" \/><\/p>\n<p><img loading=\"lazy\" decoding=\"async\" class=\" wp-image-615\" src=\"https:\/\/dolinawiedzy.pl\/festiwal\/wp-content\/uploads\/sites\/8\/2017\/09\/IMG_6531-900x600-300x200.jpg\" alt=\"\" width=\"287\" height=\"191\" srcset=\"https:\/\/dolinawiedzy.pl\/festiwalnauki2017\/wp-content\/uploads\/sites\/8\/2017\/09\/IMG_6531-900x600-300x200.jpg 300w, https:\/\/dolinawiedzy.pl\/festiwalnauki2017\/wp-content\/uploads\/sites\/8\/2017\/09\/IMG_6531-900x600-768x512.jpg 768w, https:\/\/dolinawiedzy.pl\/festiwalnauki2017\/wp-content\/uploads\/sites\/8\/2017\/09\/IMG_6531-900x600.jpg 900w\" sizes=\"auto, (max-width: 287px) 100vw, 287px\" \/><img loading=\"lazy\" decoding=\"async\" class=\" wp-image-614\" src=\"https:\/\/dolinawiedzy.pl\/festiwal\/wp-content\/uploads\/sites\/8\/2017\/09\/IMG_6497-900x600-300x200.jpg\" alt=\"\" width=\"285\" height=\"190\" srcset=\"https:\/\/dolinawiedzy.pl\/festiwalnauki2017\/wp-content\/uploads\/sites\/8\/2017\/09\/IMG_6497-900x600-300x200.jpg 300w, https:\/\/dolinawiedzy.pl\/festiwalnauki2017\/wp-content\/uploads\/sites\/8\/2017\/09\/IMG_6497-900x600-768x512.jpg 768w, https:\/\/dolinawiedzy.pl\/festiwalnauki2017\/wp-content\/uploads\/sites\/8\/2017\/09\/IMG_6497-900x600.jpg 900w\" sizes=\"auto, (max-width: 285px) 100vw, 285px\" \/><\/p>\n<p><img loading=\"lazy\" decoding=\"async\" class=\"alignnone size-medium wp-image-613\" src=\"https:\/\/dolinawiedzy.pl\/festiwal\/wp-content\/uploads\/sites\/8\/2017\/09\/IMG_5215-300x186.jpg\" alt=\"\" width=\"300\" height=\"186\" srcset=\"https:\/\/dolinawiedzy.pl\/festiwalnauki2017\/wp-content\/uploads\/sites\/8\/2017\/09\/IMG_5215-300x186.jpg 300w, https:\/\/dolinawiedzy.pl\/festiwalnauki2017\/wp-content\/uploads\/sites\/8\/2017\/09\/IMG_5215-768x476.jpg 768w, https:\/\/dolinawiedzy.pl\/festiwalnauki2017\/wp-content\/uploads\/sites\/8\/2017\/09\/IMG_5215-1024x635.jpg 1024w, https:\/\/dolinawiedzy.pl\/festiwalnauki2017\/wp-content\/uploads\/sites\/8\/2017\/09\/IMG_5215.jpg 1902w\" sizes=\"auto, (max-width: 300px) 100vw, 300px\" \/> <img loading=\"lazy\" decoding=\"async\" class=\"alignnone size-medium wp-image-612\" src=\"https:\/\/dolinawiedzy.pl\/festiwal\/wp-content\/uploads\/sites\/8\/2017\/09\/DSC09906-300x199.jpg\" alt=\"\" width=\"300\" height=\"199\" srcset=\"https:\/\/dolinawiedzy.pl\/festiwalnauki2017\/wp-content\/uploads\/sites\/8\/2017\/09\/DSC09906-300x199.jpg 300w, https:\/\/dolinawiedzy.pl\/festiwalnauki2017\/wp-content\/uploads\/sites\/8\/2017\/09\/DSC09906-768x510.jpg 768w, https:\/\/dolinawiedzy.pl\/festiwalnauki2017\/wp-content\/uploads\/sites\/8\/2017\/09\/DSC09906-1024x680.jpg 1024w\" sizes=\"auto, (max-width: 300px) 100vw, 300px\" \/> <img loading=\"lazy\" decoding=\"async\" class=\"alignnone size-medium wp-image-611\" src=\"https:\/\/dolinawiedzy.pl\/festiwal\/wp-content\/uploads\/sites\/8\/2017\/09\/DSC05677-300x199.jpg\" alt=\"\" width=\"300\" height=\"199\" srcset=\"https:\/\/dolinawiedzy.pl\/festiwalnauki2017\/wp-content\/uploads\/sites\/8\/2017\/09\/DSC05677-300x199.jpg 300w, https:\/\/dolinawiedzy.pl\/festiwalnauki2017\/wp-content\/uploads\/sites\/8\/2017\/09\/DSC05677-768x510.jpg 768w, https:\/\/dolinawiedzy.pl\/festiwalnauki2017\/wp-content\/uploads\/sites\/8\/2017\/09\/DSC05677-1024x680.jpg 1024w\" sizes=\"auto, (max-width: 300px) 100vw, 300px\" \/> <img loading=\"lazy\" decoding=\"async\" class=\"alignnone size-medium wp-image-610\" src=\"https:\/\/dolinawiedzy.pl\/festiwal\/wp-content\/uploads\/sites\/8\/2017\/09\/15-300x199.jpg\" alt=\"\" width=\"300\" height=\"199\" srcset=\"https:\/\/dolinawiedzy.pl\/festiwalnauki2017\/wp-content\/uploads\/sites\/8\/2017\/09\/15-300x199.jpg 300w, https:\/\/dolinawiedzy.pl\/festiwalnauki2017\/wp-content\/uploads\/sites\/8\/2017\/09\/15-768x509.jpg 768w, https:\/\/dolinawiedzy.pl\/festiwalnauki2017\/wp-content\/uploads\/sites\/8\/2017\/09\/15-1024x678.jpg 1024w, https:\/\/dolinawiedzy.pl\/festiwalnauki2017\/wp-content\/uploads\/sites\/8\/2017\/09\/15.jpg 2048w\" sizes=\"auto, (max-width: 300px) 100vw, 300px\" \/> <img loading=\"lazy\" decoding=\"async\" class=\"alignnone size-medium wp-image-609\" src=\"https:\/\/dolinawiedzy.pl\/festiwal\/wp-content\/uploads\/sites\/8\/2017\/09\/6-300x199.jpg\" alt=\"\" width=\"300\" height=\"199\" srcset=\"https:\/\/dolinawiedzy.pl\/festiwalnauki2017\/wp-content\/uploads\/sites\/8\/2017\/09\/6-300x199.jpg 300w, https:\/\/dolinawiedzy.pl\/festiwalnauki2017\/wp-content\/uploads\/sites\/8\/2017\/09\/6-768x509.jpg 768w, https:\/\/dolinawiedzy.pl\/festiwalnauki2017\/wp-content\/uploads\/sites\/8\/2017\/09\/6-1024x678.jpg 1024w, https:\/\/dolinawiedzy.pl\/festiwalnauki2017\/wp-content\/uploads\/sites\/8\/2017\/09\/6.jpg 2048w\" sizes=\"auto, (max-width: 300px) 100vw, 300px\" \/> <img loading=\"lazy\" decoding=\"async\" class=\"alignnone size-medium wp-image-608\" src=\"https:\/\/dolinawiedzy.pl\/festiwal\/wp-content\/uploads\/sites\/8\/2017\/09\/1-300x199.jpg\" alt=\"\" width=\"300\" height=\"199\" srcset=\"https:\/\/dolinawiedzy.pl\/festiwalnauki2017\/wp-content\/uploads\/sites\/8\/2017\/09\/1-300x199.jpg 300w, https:\/\/dolinawiedzy.pl\/festiwalnauki2017\/wp-content\/uploads\/sites\/8\/2017\/09\/1-768x509.jpg 768w, https:\/\/dolinawiedzy.pl\/festiwalnauki2017\/wp-content\/uploads\/sites\/8\/2017\/09\/1-1024x678.jpg 1024w, https:\/\/dolinawiedzy.pl\/festiwalnauki2017\/wp-content\/uploads\/sites\/8\/2017\/09\/1.jpg 2048w\" sizes=\"auto, (max-width: 300px) 100vw, 300px\" \/><\/p>\n<p><strong>Pratt &amp; Whitney Rzesz\u00f3w<\/strong> &#8211; Od 1 lipca 2015 r. WSK PZL-Rzesz\u00f3w, kt\u00f3ra od 2002 roku jest cz\u0119\u015bci\u0105 United Technologies Corporation, zmieni\u0142a nazw\u0119 na Pratt &amp; Whitney Rzesz\u00f3w S.A.<\/p>\n<p>To bardzo wa\u017cna zmiana w 77- letniej historii przedsi\u0119biorstwa wybudowanego ramach Centralnego Okr\u0119gu Przemys\u0142owego jako<span class=\"text_exposed_show\"> Pa\u0144stwowe Zak\u0142ady Lotnicze Wytw\u00f3rnia Silnik\u00f3w Nr 2 w Rzeszowie. Pratt &amp; Whitney Rzesz\u00f3w b\u0119dzie rozwija\u0142 tradycje i osi\u0105gni\u0119cia rzeszowskiej wytw\u00f3rni, kt\u00f3ra przez ponad siedem dekad by\u0142a synonimem Rzeszowa i Podkarpacia, daj\u0105c stabiln\u0105 prac\u0119 tysi\u0105com rodzin w nowoczesnej, stosuj\u0105cej najnowocze\u015bniejsze technologie fabryce, kt\u00f3ra w przemo\u017cny spos\u00f3b wp\u0142ywa\u0142a i wp\u0142ywa na ich rozw\u00f3j oraz \u017cycie mieszka\u0144c\u00f3w miasta i regionu.<br \/>\n\u201eDecyzja o zmianie nazwy nie by\u0142a \u0142atwa, odk\u0142adali\u015bmy j\u0105 przez wiele lat. Wielu naszych pracownik\u00f3w ma do nazwy WSK Rzesz\u00f3w stosunek emocjonalny. Kierowali\u015bmy si\u0119 jednak nasz\u0105 przysz\u0142o\u015bci\u0105 oraz dodatkowymi szansami, kt\u00f3re wi\u0105\u017c\u0105 si\u0119 z now\u0105 mark\u0105. Jeste\u015bmy dumni z naszej tradycji i szanujemy dokonania pokole\u0144 naszych pracownik\u00f3w. Po raz kolejny jednak musimy wykaza\u0107 si\u0119 odpowiedzialno\u015bci\u0105, zdolno\u015bci\u0105 do zrozumienia wyzwa\u0144 wsp\u00f3\u0142czesno\u015bci oraz gotowo\u015bci\u0105 do skutecznej reakcji na zachodz\u0105ce zmiany\u201d \u2013 m\u00f3wi Prezes Zarz\u0105du, dyrektor generalny Pratt &amp; Whitney Rzesz\u00f3w Marek Darecki.<\/span><\/p>\n<p>W ci\u0105gu 13 lat od udanej prywatyzacji, kt\u00f3ra przynios\u0142a firmie wiedz\u0119, kapita\u0142 i rynki zbytu, nast\u0105pi\u0142a olbrzymia transformacja. Jednym z efekt\u00f3w zachodz\u0105cych przemian jest ca\u0142kowita zmiana portfela produkt\u00f3w i klient\u00f3w.<\/p>\n<p>\u201eNasza firma dzia\u0142a na rynkach globalnych i dostarcza swoje wyroby do klient\u00f3w na ca\u0142ym \u015bwiecie. Z tego punktu widzenia nazwa firmy zaczyna odgrywa\u0107 bardzo wa\u017cn\u0105 rol\u0119. Nasi klienci dzia\u0142aj\u0105 w biznesowym \u015brodowisku, w kt\u00f3rym funkcjonuj\u0105 firmy o dobrze rozpoznawalnych markach. Posiadanie dobrze rozpoznawalnej nazwy, przek\u0142ada si\u0119 na kontrakty i kolejne miejsca pracy. Dlatego te\u017c podj\u0119li\u015bmy decyzj\u0119 o zmianie nazwy na Pratt &amp; Whitney Rzesz\u00f3w. Pierwszy jej cz\u0142on podkre\u015bla nasz\u0105 przynale\u017cno\u015b\u0107 do jednej z najlepszych, \u015bwiatowych firm lotniczych Pratt &amp; Whitney. Drugi symbolizuje nasze przywi\u0105zanie do tradycji i do miasta, w kt\u00f3rym funkcjonujemy\u201d \u2013 podkre\u015bla szef PW Rzesz\u00f3w.<\/p>\n<p>Firma zmienia\u0142a tak\u017ce sw\u00f3j znak graficzny \u2013 rozstaj\u0105c si\u0119 z tradycyjnym logotypem symbolizuj\u0105cym lec\u0105cego \u017curawia i przyjmuj\u0105c logo Pratt &amp; Whitney i nazw\u0119 Pratt&amp;Whitney Rzesz\u00f3w. Warto doda\u0107, \u017ce firma zmienia\u0142a sw\u00f3j brand w przesz\u0142o\u015bci ju\u017c 7- krotnie. Obecna zmiana jest naturaln\u0105 cz\u0119\u015bci\u0105 rozwoju rzeszowskiej wytw\u00f3rni silnik\u00f3w lotniczych.<\/p>\n<p><img loading=\"lazy\" decoding=\"async\" class=\"alignnone size-medium wp-image-618\" src=\"https:\/\/dolinawiedzy.pl\/festiwal\/wp-content\/uploads\/sites\/8\/2017\/09\/1174538_1053286641399676_1186531285944455396_n-300x169.jpg\" alt=\"\" width=\"300\" height=\"169\" srcset=\"https:\/\/dolinawiedzy.pl\/festiwalnauki2017\/wp-content\/uploads\/sites\/8\/2017\/09\/1174538_1053286641399676_1186531285944455396_n-300x169.jpg 300w, https:\/\/dolinawiedzy.pl\/festiwalnauki2017\/wp-content\/uploads\/sites\/8\/2017\/09\/1174538_1053286641399676_1186531285944455396_n-768x432.jpg 768w, https:\/\/dolinawiedzy.pl\/festiwalnauki2017\/wp-content\/uploads\/sites\/8\/2017\/09\/1174538_1053286641399676_1186531285944455396_n.jpg 960w\" sizes=\"auto, (max-width: 300px) 100vw, 300px\" \/> <img loading=\"lazy\" decoding=\"async\" class=\"alignnone size-medium wp-image-619\" src=\"https:\/\/dolinawiedzy.pl\/festiwal\/wp-content\/uploads\/sites\/8\/2017\/09\/12313642_977696222292052_8569073375011686817_n-300x111.png\" alt=\"\" width=\"300\" height=\"111\" srcset=\"https:\/\/dolinawiedzy.pl\/festiwalnauki2017\/wp-content\/uploads\/sites\/8\/2017\/09\/12313642_977696222292052_8569073375011686817_n-300x111.png 300w, https:\/\/dolinawiedzy.pl\/festiwalnauki2017\/wp-content\/uploads\/sites\/8\/2017\/09\/12313642_977696222292052_8569073375011686817_n-768x284.png 768w, https:\/\/dolinawiedzy.pl\/festiwalnauki2017\/wp-content\/uploads\/sites\/8\/2017\/09\/12313642_977696222292052_8569073375011686817_n.png 851w\" sizes=\"auto, (max-width: 300px) 100vw, 300px\" \/> <img loading=\"lazy\" decoding=\"async\" class=\"alignnone size-medium wp-image-620\" src=\"https:\/\/dolinawiedzy.pl\/festiwal\/wp-content\/uploads\/sites\/8\/2017\/09\/12974386_1053286631399677_9180274401684678230_n-300x200.jpg\" alt=\"\" width=\"300\" height=\"200\" srcset=\"https:\/\/dolinawiedzy.pl\/festiwalnauki2017\/wp-content\/uploads\/sites\/8\/2017\/09\/12974386_1053286631399677_9180274401684678230_n-300x200.jpg 300w, https:\/\/dolinawiedzy.pl\/festiwalnauki2017\/wp-content\/uploads\/sites\/8\/2017\/09\/12974386_1053286631399677_9180274401684678230_n-768x512.jpg 768w, https:\/\/dolinawiedzy.pl\/festiwalnauki2017\/wp-content\/uploads\/sites\/8\/2017\/09\/12974386_1053286631399677_9180274401684678230_n.jpg 780w\" sizes=\"auto, (max-width: 300px) 100vw, 300px\" \/> <img loading=\"lazy\" decoding=\"async\" class=\"alignnone size-medium wp-image-621\" src=\"https:\/\/dolinawiedzy.pl\/festiwal\/wp-content\/uploads\/sites\/8\/2017\/09\/13466199_1102481436480196_81897384570448607_n-300x111.png\" alt=\"\" width=\"300\" height=\"111\" srcset=\"https:\/\/dolinawiedzy.pl\/festiwalnauki2017\/wp-content\/uploads\/sites\/8\/2017\/09\/13466199_1102481436480196_81897384570448607_n-300x111.png 300w, https:\/\/dolinawiedzy.pl\/festiwalnauki2017\/wp-content\/uploads\/sites\/8\/2017\/09\/13466199_1102481436480196_81897384570448607_n-768x284.png 768w, https:\/\/dolinawiedzy.pl\/festiwalnauki2017\/wp-content\/uploads\/sites\/8\/2017\/09\/13466199_1102481436480196_81897384570448607_n.png 851w\" sizes=\"auto, (max-width: 300px) 100vw, 300px\" \/> <img loading=\"lazy\" decoding=\"async\" class=\"alignnone size-medium wp-image-622\" src=\"https:\/\/dolinawiedzy.pl\/festiwal\/wp-content\/uploads\/sites\/8\/2017\/09\/14292269_1159190114142661_856526435129758214_n-300x245.jpg\" alt=\"\" width=\"300\" height=\"245\" srcset=\"https:\/\/dolinawiedzy.pl\/festiwalnauki2017\/wp-content\/uploads\/sites\/8\/2017\/09\/14292269_1159190114142661_856526435129758214_n-300x245.jpg 300w, https:\/\/dolinawiedzy.pl\/festiwalnauki2017\/wp-content\/uploads\/sites\/8\/2017\/09\/14292269_1159190114142661_856526435129758214_n-768x626.jpg 768w, https:\/\/dolinawiedzy.pl\/festiwalnauki2017\/wp-content\/uploads\/sites\/8\/2017\/09\/14292269_1159190114142661_856526435129758214_n.jpg 960w\" sizes=\"auto, (max-width: 300px) 100vw, 300px\" \/> <img loading=\"lazy\" decoding=\"async\" class=\"alignnone size-medium wp-image-623\" src=\"https:\/\/dolinawiedzy.pl\/festiwal\/wp-content\/uploads\/sites\/8\/2017\/09\/16473293_1304758962919108_8367330750527376664_n-300x111.png\" alt=\"\" width=\"300\" height=\"111\" srcset=\"https:\/\/dolinawiedzy.pl\/festiwalnauki2017\/wp-content\/uploads\/sites\/8\/2017\/09\/16473293_1304758962919108_8367330750527376664_n-300x111.png 300w, https:\/\/dolinawiedzy.pl\/festiwalnauki2017\/wp-content\/uploads\/sites\/8\/2017\/09\/16473293_1304758962919108_8367330750527376664_n-768x284.png 768w, https:\/\/dolinawiedzy.pl\/festiwalnauki2017\/wp-content\/uploads\/sites\/8\/2017\/09\/16473293_1304758962919108_8367330750527376664_n.png 851w\" sizes=\"auto, (max-width: 300px) 100vw, 300px\" \/><\/p>\n","protected":false},"excerpt":{"rendered":"<p>Fundacja Wspierania Edukacji przy Stowarzyszeniu \u201eDolina Lotnicza\u201d zosta\u0142a powo\u0142ana z\u00a0my\u015bl\u0105 o\u00a0stworzeniu dla dzieci i m\u0142odzie\u017cy nowych mo\u017cliwo\u015bci rozwoju poprzez organizowanie specjalnie przygotowywanych, interaktywnych zaj\u0119\u0107 oraz pokaz\u00f3w naukowych. Fundacja postawi\u0142a sobie za cel udowodnienie m\u0142odym ludziom, \u017ce nauka nie musi by\u0107 nudna i mo\u017ce dawa\u0107 wiele satysfakcji, a jej misj\u0105 jest rozwijanie ich zainteresowa\u0144 i zach\u0119canie do poznawania \u015bwiata, tak aby \u201eprzygoda\u201d z\u00a0nauk\u0105, przynios\u0142a korzy\u015bci w przysz\u0142ym \u017cyciu zawodowym. Swoje cele&hellip;<\/p>\n","protected":false},"author":1,"featured_media":0,"parent":0,"menu_order":0,"comment_status":"closed","ping_status":"closed","template":"","meta":{"footnotes":""},"class_list":["post-579","page","type-page","status-publish","hentry"],"_links":{"self":[{"href":"https:\/\/dolinawiedzy.pl\/festiwalnauki2017\/wp-json\/wp\/v2\/pages\/579","targetHints":{"allow":["GET"]}}],"collection":[{"href":"https:\/\/dolinawiedzy.pl\/festiwalnauki2017\/wp-json\/wp\/v2\/pages"}],"about":[{"href":"https:\/\/dolinawiedzy.pl\/festiwalnauki2017\/wp-json\/wp\/v2\/types\/page"}],"author":[{"embeddable":true,"href":"https:\/\/dolinawiedzy.pl\/festiwalnauki2017\/wp-json\/wp\/v2\/users\/1"}],"replies":[{"embeddable":true,"href":"https:\/\/dolinawiedzy.pl\/festiwalnauki2017\/wp-json\/wp\/v2\/comments?post=579"}],"version-history":[{"count":4,"href":"https:\/\/dolinawiedzy.pl\/festiwalnauki2017\/wp-json\/wp\/v2\/pages\/579\/revisions"}],"predecessor-version":[{"id":626,"href":"https:\/\/dolinawiedzy.pl\/festiwalnauki2017\/wp-json\/wp\/v2\/pages\/579\/revisions\/626"}],"wp:attachment":[{"href":"https:\/\/dolinawiedzy.pl\/festiwalnauki2017\/wp-json\/wp\/v2\/media?parent=579"}],"curies":[{"name":"wp","href":"https:\/\/api.w.org\/{rel}","templated":true}]}}