{"id":14,"date":"2017-04-26T13:00:59","date_gmt":"2017-04-26T11:00:59","guid":{"rendered":"https:\/\/dolinawiedzy.pl\/festiwal\/?page_id=14"},"modified":"2019-07-17T11:53:37","modified_gmt":"2019-07-17T09:53:37","slug":"szkoly","status":"publish","type":"page","link":"https:\/\/dolinawiedzy.pl\/festiwalnauki2017\/szkoly\/","title":{"rendered":"Dla szk\u00f3\u0142"},"content":{"rendered":"<p>Formularz zg\u0142oszeniowy dla grup zorganizowanych i szk\u00f3\u0142 na wydarzenia Festiwalu Nauki w dniu 18.09.2017.<\/p>\n<p>Wst\u0119p na festiwal mo\u017cliwy tylko po wcze\u015bniejszej rejestracji, kt\u00f3ra jest niezb\u0119dna w celu zapewnienia bezpiecze\u0144stwa i komfortu uczestnik\u00f3w.<br \/>\nNa wyk\u0142ady naukowe obowi\u0105zuje ograniczona liczba miejsc, wynikaj\u0105ca z wielko\u015bci sali. Decyduje kolejno\u015b\u0107 zg\u0142osze\u0144.<\/p>\n<p><iframe loading=\"lazy\" src=\"https:\/\/docs.google.com\/forms\/d\/e\/1FAIpQLSfQoMnKL6I38yEeZQzkzwbtOnsYlWRckKFnJJy9IlxEMSFDNA\/viewform?embedded=true\" width=\"100%\" height=\"2100\" frameborder=\"0\" marginwidth=\"0\" marginheight=\"0\">\u0141aduj\u0119&#8230;<\/iframe><\/p>\n","protected":false},"excerpt":{"rendered":"<p>Formularz zg\u0142oszeniowy dla grup zorganizowanych i szk\u00f3\u0142 na wydarzenia Festiwalu Nauki w dniu 18.09.2017. Wst\u0119p na festiwal mo\u017cliwy tylko po wcze\u015bniejszej rejestracji, kt\u00f3ra jest niezb\u0119dna w celu zapewnienia bezpiecze\u0144stwa i komfortu uczestnik\u00f3w. Na wyk\u0142ady naukowe obowi\u0105zuje ograniczona liczba miejsc, wynikaj\u0105ca z wielko\u015bci sali. Decyduje kolejno\u015b\u0107 zg\u0142osze\u0144. \u0141aduj\u0119&#8230;<\/p>\n","protected":false},"author":1,"featured_media":0,"parent":0,"menu_order":0,"comment_status":"closed","ping_status":"closed","template":"","meta":{"footnotes":""},"class_list":["post-14","page","type-page","status-publish","hentry"],"_links":{"self":[{"href":"https:\/\/dolinawiedzy.pl\/festiwalnauki2017\/wp-json\/wp\/v2\/pages\/14","targetHints":{"allow":["GET"]}}],"collection":[{"href":"https:\/\/dolinawiedzy.pl\/festiwalnauki2017\/wp-json\/wp\/v2\/pages"}],"about":[{"href":"https:\/\/dolinawiedzy.pl\/festiwalnauki2017\/wp-json\/wp\/v2\/types\/page"}],"author":[{"embeddable":true,"href":"https:\/\/dolinawiedzy.pl\/festiwalnauki2017\/wp-json\/wp\/v2\/users\/1"}],"replies":[{"embeddable":true,"href":"https:\/\/dolinawiedzy.pl\/festiwalnauki2017\/wp-json\/wp\/v2\/comments?post=14"}],"version-history":[{"count":17,"href":"https:\/\/dolinawiedzy.pl\/festiwalnauki2017\/wp-json\/wp\/v2\/pages\/14\/revisions"}],"predecessor-version":[{"id":633,"href":"https:\/\/dolinawiedzy.pl\/festiwalnauki2017\/wp-json\/wp\/v2\/pages\/14\/revisions\/633"}],"wp:attachment":[{"href":"https:\/\/dolinawiedzy.pl\/festiwalnauki2017\/wp-json\/wp\/v2\/media?parent=14"}],"curies":[{"name":"wp","href":"https:\/\/api.w.org\/{rel}","templated":true}]}}

Dla szkół

<p>Formularz zgłoszeniowy dla grup zorganizowanych i szkół na wydarzenia Festiwalu Nauki w dniu 18.09.2017.</p>
<p>Wstęp na festiwal możliwy tylko po wcześniejszej rejestracji, która jest niezbędna w celu zapewnienia bezpieczeństwa i komfortu uczestników.<br />
Na wykłady naukowe obowiązuje ograniczona liczba miejsc, wynikająca z wielkości sali. Decyduje kolejność zgłoszeń.</p>
<p><iframe loading="lazy" src="https://docs.google.com/forms/d/e/1FAIpQLSfQoMnKL6I38yEeZQzkzwbtOnsYlWRckKFnJJy9IlxEMSFDNA/viewform?embedded=true" width="100%" height="2100" frameborder="0" marginwidth="0" marginheight="0">Ładuję&#8230;</iframe></p>

<p>Formularz zgłoszeniowy dla grup zorganizowanych i szkół na wydarzenia Festiwalu Nauki w dniu 18.09.2017. Wstęp na festiwal możliwy tylko po wcześniejszej rejestracji, która jest niezbędna w celu zapewnienia bezpieczeństwa i komfortu uczestników. Na wykłady naukowe obowiązuje ograniczona liczba miejsc, wynikająca z wielkości sali. Decyduje kolejność zgłoszeń. Ładuję&#8230;</p>
