{"id":38,"date":"2015-11-06T11:03:22","date_gmt":"2015-11-06T10:03:22","guid":{"rendered":"https:\/\/dolinawiedzy.pl\/festiwal\/?page_id=38"},"modified":"2015-11-09T08:40:37","modified_gmt":"2015-11-09T07:40:37","slug":"live","status":"publish","type":"page","link":"https:\/\/dolinawiedzy.pl\/festiwal2015\/live\/","title":{"rendered":"Live"},"content":{"rendered":"<p>Ze wzgl\u0119du na ograniczon\u0105 ilo\u015b\u0107 miejsc na PANELE WYK\u0141ADOWE Organizator zapewni darmow\u0105 transmisj\u0119 na \u017cywo tej cz\u0119\u015bci festiwalu. Informacje dotycz\u0105ce po\u0142\u0105czenia oraz instrukcja dost\u0119pu do przekazu zostan\u0105 podane pocz\u0105tkiem grudnia.<\/p>\n<p>Przed Festiwalem, b\u0119dzie mo\u017cliwo\u015b\u0107 przetestowania przekazu.<\/p>\n<p><strong>TRANSMISJA TESTOWA<\/strong><\/p>\n<p>Transmisja testowa dost\u0119pna jest pod linkiem:<\/p>\n<p><a href=\"https:\/\/centrala.portal.prz.edu.pl\/transmisje\/test\/\">https:\/\/centrala.portal.prz.edu.pl\/transmisje\/test\/<\/a><\/p>\n<p>&nbsp;<\/p>\n<p><strong>TRANSMISJA LIVE<\/strong><\/p>\n<p>Transmisja live b\u0119dzie dost\u0119pna pod adresem:<\/p>\n<p><a href=\"https:\/\/centrala.portal.prz.edu.pl\/transmisje\/planowane\/\">https:\/\/centrala.portal.prz.edu.pl\/transmisje\/planowane\/<\/a><\/p>\n<p>&nbsp;<\/p>\n<p><strong>KONFIGURACJA PRZEGL\u0104DARKI<\/strong><\/p>\n<p>Wszystkie informacje dotycz\u0105ce konfiguracji przegl\u0105darki znajduj\u0105 si\u0119 na stronie i pod linkiem:<\/p>\n<p><a href=\"https:\/\/centrala.portal.prz.edu.pl\/transmisje\/instrukcje\/\">https:\/\/centrala.portal.prz.edu.pl\/transmisje\/instrukcje\/<\/a><\/p>\n","protected":false},"excerpt":{"rendered":"<p>Ze wzgl\u0119du na ograniczon\u0105 ilo\u015b\u0107 miejsc na PANELE WYK\u0141ADOWE Organizator zapewni darmow\u0105 transmisj\u0119 na \u017cywo tej cz\u0119\u015bci festiwalu. Informacje dotycz\u0105ce po\u0142\u0105czenia oraz instrukcja dost\u0119pu do przekazu zostan\u0105 podane pocz\u0105tkiem grudnia. Przed Festiwalem, b\u0119dzie mo\u017cliwo\u015b\u0107 przetestowania przekazu. TRANSMISJA TESTOWA Transmisja testowa dost\u0119pna jest pod linkiem: https:\/\/centrala.portal.prz.edu.pl\/transmisje\/test\/ &nbsp; TRANSMISJA LIVE Transmisja live b\u0119dzie dost\u0119pna pod adresem: https:\/\/centrala.portal.prz.edu.pl\/transmisje\/planowane\/ [&hellip;]<\/p>\n","protected":false},"author":1,"featured_media":0,"parent":0,"menu_order":0,"comment_status":"closed","ping_status":"closed","template":"","meta":{"footnotes":""},"class_list":["post-38","page","type-page","status-publish","hentry"],"_links":{"self":[{"href":"https:\/\/dolinawiedzy.pl\/festiwal2015\/wp-json\/wp\/v2\/pages\/38","targetHints":{"allow":["GET"]}}],"collection":[{"href":"https:\/\/dolinawiedzy.pl\/festiwal2015\/wp-json\/wp\/v2\/pages"}],"about":[{"href":"https:\/\/dolinawiedzy.pl\/festiwal2015\/wp-json\/wp\/v2\/types\/page"}],"author":[{"embeddable":true,"href":"https:\/\/dolinawiedzy.pl\/festiwal2015\/wp-json\/wp\/v2\/users\/1"}],"replies":[{"embeddable":true,"href":"https:\/\/dolinawiedzy.pl\/festiwal2015\/wp-json\/wp\/v2\/comments?post=38"}],"version-history":[{"count":5,"href":"https:\/\/dolinawiedzy.pl\/festiwal2015\/wp-json\/wp\/v2\/pages\/38\/revisions"}],"predecessor-version":[{"id":83,"href":"https:\/\/dolinawiedzy.pl\/festiwal2015\/wp-json\/wp\/v2\/pages\/38\/revisions\/83"}],"wp:attachment":[{"href":"https:\/\/dolinawiedzy.pl\/festiwal2015\/wp-json\/wp\/v2\/media?parent=38"}],"curies":[{"name":"wp","href":"https:\/\/api.w.org\/{rel}","templated":true}]}}