{"id":9225,"date":"2018-11-07T11:28:32","date_gmt":"2018-11-07T10:28:32","guid":{"rendered":"https:\/\/dolinawiedzy.pl\/dut\/?post_type=bws-gallery&#038;p=9225"},"modified":"2021-01-04T08:31:40","modified_gmt":"2021-01-04T07:31:40","slug":"swiat-kolorow-czy-kolory-swiata","status":"publish","type":"bws-gallery","link":"https:\/\/dolinawiedzy.pl\/dut\/bws-gallery\/swiat-kolorow-czy-kolory-swiata\/","title":{"rendered":"\u015awiat kolor\u00f3w czy kolory \u015bwiata?"},"content":{"rendered":"","protected":false},"author":2,"featured_media":0,"parent":0,"menu_order":0,"comment_status":"closed","ping_status":"closed","template":"","class_list":["post-9225","bws-gallery","type-bws-gallery","status-publish","hentry","gallery_categories-default"],"_links":{"self":[{"href":"https:\/\/dolinawiedzy.pl\/dut\/wp-json\/wp\/v2\/bws-gallery\/9225","targetHints":{"allow":["GET"]}}],"collection":[{"href":"https:\/\/dolinawiedzy.pl\/dut\/wp-json\/wp\/v2\/bws-gallery"}],"about":[{"href":"https:\/\/dolinawiedzy.pl\/dut\/wp-json\/wp\/v2\/types\/bws-gallery"}],"author":[{"embeddable":true,"href":"https:\/\/dolinawiedzy.pl\/dut\/wp-json\/wp\/v2\/users\/2"}],"replies":[{"embeddable":true,"href":"https:\/\/dolinawiedzy.pl\/dut\/wp-json\/wp\/v2\/comments?post=9225"}],"wp:attachment":[{"href":"https:\/\/dolinawiedzy.pl\/dut\/wp-json\/wp\/v2\/media?parent=9225"}],"curies":[{"name":"wp","href":"https:\/\/api.w.org\/{rel}","templated":true}]}}

Świat kolorów czy kolory świata?
