{"id":6446,"date":"2017-01-24T11:40:27","date_gmt":"2017-01-24T10:40:27","guid":{"rendered":"https:\/\/dolinawiedzy.pl\/pd\/?post_type=gallery&#038;p=6446"},"modified":"2021-01-04T08:37:40","modified_gmt":"2021-01-04T07:37:40","slug":"skad-biora-sie-kolory-3","status":"publish","type":"bws-gallery","link":"https:\/\/dolinawiedzy.pl\/dut\/bws-gallery\/skad-biora-sie-kolory-3\/","title":{"rendered":"Sk\u0105d bior\u0105 si\u0119 kolory?"},"content":{"rendered":"","protected":false},"author":2,"featured_media":0,"parent":0,"menu_order":0,"comment_status":"closed","ping_status":"closed","template":"","class_list":["post-6446","bws-gallery","type-bws-gallery","status-publish","hentry","gallery_categories-default"],"_links":{"self":[{"href":"https:\/\/dolinawiedzy.pl\/dut\/wp-json\/wp\/v2\/bws-gallery\/6446","targetHints":{"allow":["GET"]}}],"collection":[{"href":"https:\/\/dolinawiedzy.pl\/dut\/wp-json\/wp\/v2\/bws-gallery"}],"about":[{"href":"https:\/\/dolinawiedzy.pl\/dut\/wp-json\/wp\/v2\/types\/bws-gallery"}],"author":[{"embeddable":true,"href":"https:\/\/dolinawiedzy.pl\/dut\/wp-json\/wp\/v2\/users\/2"}],"replies":[{"embeddable":true,"href":"https:\/\/dolinawiedzy.pl\/dut\/wp-json\/wp\/v2\/comments?post=6446"}],"wp:attachment":[{"href":"https:\/\/dolinawiedzy.pl\/dut\/wp-json\/wp\/v2\/media?parent=6446"}],"curies":[{"name":"wp","href":"https:\/\/api.w.org\/{rel}","templated":true}]}}

Skąd biorą się kolory?
