{"id":3385,"date":"2015-02-23T13:50:07","date_gmt":"2015-02-23T12:50:07","guid":{"rendered":"https:\/\/dolinawiedzy.pl\/pd\/?post_type=gallery&#038;p=3385"},"modified":"2021-01-04T08:50:25","modified_gmt":"2021-01-04T07:50:25","slug":"z-ekologia-w-przyszlosc","status":"publish","type":"bws-gallery","link":"https:\/\/dolinawiedzy.pl\/dut\/bws-gallery\/z-ekologia-w-przyszlosc\/","title":{"rendered":"Z ekologi\u0105 w przysz\u0142o\u015b\u0107"},"content":{"rendered":"","protected":false},"author":2,"featured_media":0,"parent":0,"menu_order":0,"comment_status":"closed","ping_status":"closed","template":"","class_list":["post-3385","bws-gallery","type-bws-gallery","status-publish","hentry","gallery_categories-default"],"_links":{"self":[{"href":"https:\/\/dolinawiedzy.pl\/dut\/wp-json\/wp\/v2\/bws-gallery\/3385","targetHints":{"allow":["GET"]}}],"collection":[{"href":"https:\/\/dolinawiedzy.pl\/dut\/wp-json\/wp\/v2\/bws-gallery"}],"about":[{"href":"https:\/\/dolinawiedzy.pl\/dut\/wp-json\/wp\/v2\/types\/bws-gallery"}],"author":[{"embeddable":true,"href":"https:\/\/dolinawiedzy.pl\/dut\/wp-json\/wp\/v2\/users\/2"}],"replies":[{"embeddable":true,"href":"https:\/\/dolinawiedzy.pl\/dut\/wp-json\/wp\/v2\/comments?post=3385"}],"wp:attachment":[{"href":"https:\/\/dolinawiedzy.pl\/dut\/wp-json\/wp\/v2\/media?parent=3385"}],"curies":[{"name":"wp","href":"https:\/\/api.w.org\/{rel}","templated":true}]}}

Z ekologią w przyszłość
